3, -4*y - 232 = 2*p + p. Let b = 126 + p. What is the tens digit of b?
4
Let q = 177 + -343. Let s = 326 + q. What is the hundreds digit of s?
1
What is the tens digit of (-152)/38 + (-1 - -19)?
1
Suppose x - k = 157, -3*k = -8*x + 3*x + 791. Let m = x - 83. What is the tens digit of m?
7
Suppose 6*n - 130 - 284 = 0. Suppose 6*p - 69 = n. What is the units digit of p?
3
Let t be (-80 - -10)/(2*-1). Let j = -8 + t. What is the tens digit of j?
2
What is the hundreds digit of (-2)/(-4) + (-1878)/(-12)?
1
Let u = -27 - -73. Suppose -x + 2 = -2, -i - 4*x + u = 0. What is the units digit of i?
0
Let l(v) = v - 3. Let p be l(6). Suppose p*t = 15 - 3. Suppose t*n + y + 22 = 6*n, -n = -y - 9. What is the tens digit of n?
1
Let l be 9192*(55/(-15) - -3). What is the tens digit of 1/6 - l/96?
6
What is the tens digit of 548 - ((-6)/(-4) - 6/(-12))?
4
Suppose -7*g + 6*g = -115. What is the units digit of g?
5
Let y(r) be the second derivative of 4/3*r**4 + 0 + 1/2*r**2 - 1/6*r**3 - 4*r. What is the units digit of y(1)?
6
Let r(g) = -2*g - 3. Suppose -19 = -5*z + 11. Let w be 120/18*z/(-4). What is the units digit of r(w)?
7
Let y = -301 + 331. What is the tens digit of y?
3
Suppose i - 1327 = -4*c, -14*i = -13*i - c - 1342. What is the hundreds digit of i?
3
Suppose -2*l + 2*u = 0, -5*l = -2*l + 2*u + 10. Let y = 4 - 0. What is the units digit of (-82)/y*(-4 - l)?
1
Suppose 8*f = 16125 + 4179. What is the tens digit of f?
3
Let b(w) = -w**2 + 73*w - 159. What is the units digit of b(31)?
3
What is the thousands digit of 1117/((4 + -16)/(-12))?
1
Let b = 4 - -5. Suppose 2*d = 4*v + 90, -5*d - 5*v - 171 = -b*d. What is the tens digit of d?
3
Let f(y) = y. Let q(l) = l**3 - 5*l**2 - 7*l + 1. Let k be q(6). Let w(s) = -s**2 - 2*s - 2. Let n(i) = k*f(i) - w(i). What is the units digit of n(8)?
2
Let a be (45/(-30))/((-2)/52). Suppose -a = -r - 11. Suppose 0*x - j + r = x, -4*x = -j - 137. What is the tens digit of x?
3
Suppose 5*i + b = 21 + 12, 0 = 4*b + 8. What is the units digit of (((-36)/i)/(-9))/(4/14)?
2
Let y be -83 - (6 - -3)/(-3). Let i be -2*6*y/12. Let c = i + -55. What is the tens digit of c?
2
Let j(n) = 2*n**3 + 12*n**2 + 20*n + 5. What is the hundreds digit of j(5)?
6
Let g = 304 + -462. Let v = g - -265. Let x = -62 + v. What is the tens digit of x?
4
Suppose 0 = 3*z - 5*c + 9, -2*c - 2*c + 6 = -3*z. Suppose 2*l = z*o - 70 - 6, 3 = l. What is the tens digit of o?
4
Suppose 7*j - 10 = 25. Suppose -792 = -4*v + j*d, 4*v - 3*v = 2*d + 198. What is the tens digit of v?
9
Suppose 5*j = -f + 1, 0 = f - 5*j - 1. Let o = 172 - 167. Suppose -3*x + 27 = b, -4 = o*x + f. What is the tens digit of b?
3
Let s be (3 - -90)/((-9)/18). Let i = -108 - s. What is the units digit of i?
8
Suppose 3*l = l + 1320. Suppose l = -223*m + 227*m. What is the tens digit of m?
6
Let s(y) = -25*y + 3. Let g be s(-3). Let j = g - 43. Suppose -29 = -4*m + j. What is the units digit of m?
6
What is the hundreds digit of 1253*7/((-49)/(-2))?
3
Let u(l) be the third derivative of 85*l**4/24 - 5*l**3/6 + 2*l**2. Let v(z) = -43*z + 2. Let b(o) = 3*u(o) + 7*v(o). What is the units digit of b(-1)?
5
Let b = -15 + 20. Suppose b*t + 536 = 8*t + r, 2*r + 897 = 5*t. What is the units digit of t?
9
Let d(a) = -a. Let c = 10 + -11. Let r(o) = -o**3 - o**2 + 3. Let q(l) = c*d(l) + r(l). What is the units digit of q(-3)?
8
Let n be (-174)/(-15) - 2/(-5). Suppose 0 = -x - 4*i - i + n, 14 = 5*x + 2*i. Suppose x*m - 4 - 52 = 0. What is the units digit of m?
8
Suppose 4*k - 160 = -k. Let y = k - 7. What is the tens digit of y?
2
Suppose k = -2*k. Let h be (94 - 4)/(k - -1). Suppose 90 = 5*i - h. What is the tens digit of i?
3
Let f be 1 - 3 - 120/12. Let t = 84 + f. What is the tens digit of t?
7
Let n = 109 + 305. What is the units digit of n?
4
Let m = -3 - -5. Suppose 7*t + 191 = 12*t + 3*k, 2*k = -6. Suppose m*z + 4 = t. What is the tens digit of z?
1
Let o = -10 - -11. Let f be 2/o*(0 + -3). Let x = -5 - f. What is the units digit of x?
1
Let j = 20 - 15. Let r(b) = 18*b - 10. What is the tens digit of r(j)?
8
Let i(f) = 10*f + 12. Let h(t) = -t. Let p(c) = 15*c + 13. Let q(l) = 5*h(l) + p(l). Let k(g) = -6*i(g) + 5*q(g). What is the tens digit of k(-5)?
4
Suppose 18 = 3*d + 2*r, -2*d + 20 = -0*d + 4*r. Suppose -5*c + 291 = 3*t, c + d*t = -0*c + 48. What is the tens digit of c?
6
Suppose 2*w + 2*w = -2*h + 14, -20 = -4*w - 4*h. Suppose -w*z = -198 - 174. What is the tens digit of z?
8
Suppose 19*d - 3738 = 12*d. What is the hundreds digit of d?
5
What is the tens digit of (-74 - -1630) + (0 - -1 - 4)?
5
Let f(l) = -l**3 + 2*l**2 + 5*l + 11. What is the units digit of f(-5)?
1
Let y(z) = z**2 + 4*z + 3. Let l be y(-3). Suppose l = -0*u + u. Suppose i - 2*i + 1 = u. What is the units digit of i?
1
Let a be 1 + -1 - 32/(-2). Let d = a - -5. Let y = 37 - d. What is the tens digit of y?
1
Let b be ((-5)/(-1))/((-25)/(-30)). Let v be (2 + (-15)/b)*-10. Suppose -v*u + 62 = 12. What is the units digit of u?
0
Suppose 12*x - 1026 = 11*x - 5*w, 4*x + 2*w = 4158. What is the units digit of x?
1
Let d = -147 - -107. What is the tens digit of 15*-3*d/18?
0
Let m(b) = 4*b**2 - 72*b - 42. What is the tens digit of m(26)?
9
Let i be (-69)/(-9) - (-6)/(-9). Let p = i - 4. What is the tens digit of (3/3 - p)*-10?
2
Let j(q) = 15*q - 24. Let v(t) = -7*t + 12. Let i(d) = 2*j(d) + 5*v(d). What is the tens digit of i(-4)?
3
What is the tens digit of 15/175*-5 - (-10909)/7?
5
Suppose 4*l = -4*p + 28, p + 5*l - 17 = 2*p. Suppose -p*o + 475 + 434 = 0. What is the units digit of o?
3
Let y = 10 - 15. Let g(o) = -o**2 - 7*o. Let c be g(y). Let z = c + 8. What is the tens digit of z?
1
Let w = -64 - -28. Let j = 52 + w. What is the tens digit of (-24)/j + 94/4?
2
Suppose 9 = 5*z - 6*z. Let l(r) = 2*r + 21. Let u be l(z). Suppose u*d - 40 + 10 = 0. What is the tens digit of d?
1
Suppose 4*u = 5*a + 1473, 1800 = 5*u + 14*a - 12*a. What is the hundreds digit of u?
3
Suppose 0 = -3*l - 2*h - 10, 3*l = 7*l - 2*h + 18. Let x be l/(-6) - 26/(-6). Let v = 12 - x. What is the units digit of v?
7
Let l = 355 + 94. What is the hundreds digit of l?
4
Suppose 0 = -4*m - 2*p - 82, 38 = -4*m + p - 29. Let l(s) = -18*s - 37. What is the hundreds digit of l(m)?
2
What is the hundreds digit of 1 - -428 - 4/(-8)*6?
4
Suppose 110 - 24 = r. What is the units digit of r?
6
Let o(z) = -8*z - 8. Suppose 5*b = c - 80, -2*b - 38 = 3*c - 6. What is the units digit of o(b)?
0
Suppose 4*m - 250 = 3*i, 0*m + 2*m - 5*i - 118 = 0. Suppose 63*x + 7 = m*x. What is the units digit of x?
7
Let k(h) = -86*h + 6. What is the units digit of k(-2)?
8
Suppose -5*f = -5*t - 5, 0 = -t + 3*t - 6. Let u be f*((-30)/(-8))/3. Suppose -u = -c + 7. What is the tens digit of c?
1
Suppose -3*v + 7*v - 9326 = -2*j, 0 = -5*v + 2*j + 11680. What is the hundreds digit of v?
3
Let f be 57/(-6)*(-180)/5. Suppose -5*t = -4*w - 1042, 3*t - w - 970 = -f. What is the tens digit of t?
1
Suppose 1654*f = 1669*f - 10980. What is the units digit of f?
2
Let u = -4090 + 6369. What is the hundreds digit of u?
2
Let y be (-2)/(-6) - 366/18. Let p be (-184)/(-18) - y/(-90). Suppose -4*s - 19 = -5*b + 2*b, -5*s = -p. What is the units digit of b?
9
Suppose -3*n - 2*a = -964, n - 552 + 235 = -5*a. What is the units digit of n?
2
Let x = -7 + 17. Let w be -1*x/(-1 + 3). Let n(b) = b**3 + 5*b**2 - b. What is the units digit of n(w)?
5
Let o(s) = s**3 - 3*s**2 - 3*s + 1. Let x be o(6). Let m = x + -63. What is the tens digit of m?
2
Suppose 2*q - 4*q - 3*u = -24, -2*u = 0. Let k = q + -10. Suppose -2*y + 14 = k*y + 2*o, 5 = 4*y + 5*o. What is the units digit of y?
5
Suppose -f = 2*f + 36. Let p = f - -14. Suppose -19 = -2*j + 3*z + 13, p*z - 30 = -j. What is the units digit of j?
2
Suppose 10*l = 3*r + 9*l - 2408, 5*r - 4010 = 5*l. What is the tens digit of r?
0
Suppose 193 = -4*y - n - 4*n, -5*y - 231 = -4*n. Let x = 44 - y. What is the units digit of x?
1
Suppose 34467 = 10*m + 10497. What is the hundreds digit of m?
3
Let d = 291 + 7. What is the units digit of d?
8
Suppose -5*m + 9 + 33 = 3*c, -4*m + 42 = 3*c. Let x = 11 + c. What is the tens digit of x?
2
Let p be (-1 + 2 - 0) + -7. Suppose -49 + 13 = -12*m. Let i = m - p. What is the units digit of i?
9
Let w = 417 + -386. Wha